v) = -5*v**2 + 3*v - 1. Let z(g) = g**2 + 1. Let p(l) = -s(l) - 2*z(l). Give p(3).
17
Let m(o) be the third derivative of -o**5/60 - o**4/24 - o**3 + 34*o**2. Give m(0).
-6
Let n(w) = -w**3 + w**2 - w - 8. Let y = 0 + 0. What is n(y)?
-8
Let t(h) = -h**2 + 4*h + 7. Let l be 1 - 1*-3 - -1. Suppose -2*p - 3*a = -l*p, 5*p + 15 = 2*a. Let c(x) = x**2 + 3*x - 5. Let k be c(p). Calculate t(k).
2
Let l(f) = 0 - 1 - 1 - f. Suppose -4 = -0*x - x. Let j = 0 - x. What is l(j)?
2
Let m(u) = u - 12. Let y = 4 + 2. Give m(y).
-6
Let r be ((-6)/(-6))/(4/28). Let f(n) = 2*n - 4. Let s(b) = -b + 2. Let i(x) = -6*f(x) - 11*s(x). Give i(r).
-5
Let m(r) = r**3 + 11*r**2 + 2. Let u = 77 - 88. What is m(u)?
2
Suppose 7*f + 18 = i + 2*f, i = 2*f + 9. Suppose -2*a - 10 = 5*s - i*s, -3*s = -2*a + 15. Let x(q) = q**2 - q + 1. What is x(a)?
1
Let m(t) = 4 - 2*t - 2 - 1 - 4. Let r(a) = a**2 + 3*a - 4. Let q be r(-3). What is m(q)?
5
Let u = 71 - 43. Suppose 3*k = 1 - u. Let v = k - -5. Let z(d) = 2*d + 2. Calculate z(v).
-6
Let r = 5 - 10. Let p(q) = -10 + 14 + 5*q + 2 + q**2. Calculate p(r).
6
Let d be -4*-3*(-1)/3. Let z(m) = m**3 + 4*m**2 - 2*m - 4. Let b be z(d). Let o(s) = -2*s + 3. Determine o(b).
-5
Let r(k) = 4*k + 1. Let j(w) = -9*w - 2. Let h(c) = -3*j(c) - 5*r(c). Let o = 6 + -8. Let a = -3 - o. Determine h(a).
-6
Suppose 6*g = 3*g. Suppose 3*a + g*a = 0. Let p(o) = -2*o**3 - 2*o**2 - 2*o - 2. Let c(r) = -r**3 - r**2 - r - 1. Let w(s) = 7*c(s) - 3*p(s). Give w(a).
-1
Let k(i) be the second derivative of i**3/6 + 2*i**2 - i. Let r be -1 + 0*(-1)/2. Let s = -2 + r. Give k(s).
1
Let f(u) = -u + 2. Let y(i) = i**2 + 4*i. Let j be y(-4). Suppose j*m = -2*m - 16. Let o(t) = -t - 5. Let r be o(m). Determine f(r).
-1
Let z(x) = x**3 + x**2 - x - 4. Let u = 17 + -17. Let p be z(u). Let q(o) = -o**2 - 2*o + 2. Determine q(p).
-6
Let d(o) be the second derivative of 0 - 1/12*o**4 - 1/20*o**5 + o + 1/6*o**3 + 4*o**2. Let h be (-2)/4*0/1. Calculate d(h).
8
Let k = 7 - 3. Let x(p) = -p - 2. Determine x(k).
-6
Let t = 6 - 4. Let p(l) = -2*l**2 + l**t - l + 0*l**2 + 0*l. Give p(-3).
-6
Let j(x) = x**3 - 2*x**2 - 5*x + 2. Let k be (5/(-4))/((-2)/16). Let o = k + -7. Determine j(o).
-4
Suppose 2*h - h - 17 = 4*y, -4*h + 3*y + 16 = 0. Suppose l - h + 0 = 0. Let k(i) = -4*i + 2 + 0 + l. Calculate k(2).
-5
Let m(z) = z - 4. Let x be m(8). Suppose x*b + 5 = -3. Let r(a) = 3*a + 3. Give r(b).
-3
Let t(w) = 2*w**2 - 5*w - 1. Let v(z) = 3*z**2 - 11*z - 3. Let x(c) = -5*t(c) + 3*v(c). Let n be (-20)/8*(-1 + 3). Calculate x(n).
11
Let o(u) = -u**2 - 2*u**2 + 23 - 2*u - 20 - 3*u. What is o(-4)?
-25
Let d = -6 + 13. Let k(p) = 8 - d - p + 2 - 2*p. Determine k(2).
-3
Let b(d) = d**2 - 4*d + 5. Let f be ((-2)/3)/((-6)/36). Calculate b(f).
5
Suppose 3*q + 27 = -v + 4, 29 = -3*q + 5*v. Let l(m) = -m**2 - 7*m + 7. Let f be l(q). Let y be (15/(-6))/(f/2). Let c(o) = -2*o + 3. Determine c(y).
-7
Let r(t) = t**3 + 7*t**2 + 7*t + 8. Let i be r(-6). Let q(c) be the second derivative of -1/2*c**3 + 0 + 3/2*c**i - 2*c. Give q(2).
-3
Let a(m) = -3*m**3 + 15*m**2 - 9*m - 13. Let p(l) = 5*l**3 - 23*l**2 + 13*l + 20. Let s(c) = -8*a(c) - 5*p(c). Calculate s(-6).
-2
Suppose 2*w + 4 = -4*y, -5*y - 8 = 4*w - 3*y. Let m(a) = -a**3 - 7*a**2. Let x be m(-7). Let l(f) = -2 - f**2 - f**2 - 2*f**3 + x. Calculate l(w).
6
Suppose 22 = -5*d + x - 5, 2*x + 30 = -4*d. Let p(k) = -13*k**2 - 20*k + 4. Let q(w) = -3*w**2 - 5*w + 1. Let h(v) = -2*p(v) + 9*q(v). Determine h(d).
-5
Let g(z) = 12*z - 25*z + 14*z + 2 + 4. Let f be 5/(-10)*7*2. What is g(f)?
-1
Let d(n) = 2*n + 2*n**2 + 3*n**3 - 4*n + n. Suppose 2*u = 5*u - 3. Determine d(u).
4
Let w be (1 - -3)*1/2. Let s(m) = -12*m. Let c(a) be the third derivative of -a**4/24 + a**2. Let q(i) = 10*c(i) - s(i). Determine q(w).
4
Let u(o) be the third derivative of -o**8/20160 + o**7/840 - 7*o**6/720 + o**5/60 - 5*o**2. Let m(a) be the third derivative of u(a). Determine m(5).
-2
Let p(m) = -3*m - 2 + 0 + 3. Let o(s) = -s - 6. Let c be o(-6). Suppose g + c*g = -1. Give p(g).
4
Let g(d) be the third derivative of 0*d**4 - 1/3*d**3 - 1/60*d**5 + 0*d + 4*d**2 + 1/120*d**6 + 0. Let r(m) = -m**2 - 3*m + 4. Let v be r(-4). Determine g(v).
-2
Let h(x) = -x**3 - 5*x**2 - 3*x + 4. Suppose 0 = -5*w + 36 - 61. Give h(w).
19
Let o(r) be the first derivative of -r**4/4 + 2*r**3 + 3*r**2/2 - 8*r - 2. Give o(6).
10
Let r(i) = -23 - 3*i + 11 + 10. Calculate r(-2).
4
Suppose -6*s = -s. Let b(m) = -2*m**2 + 7*m**3 + s*m - m**3 + 3*m - 1 - m. Give b(1).
5
Let u(a) be the first derivative of -a**4/12 + 4*a**3/3 - 3*a**2/2 + 2*a + 6. Let l(s) be the first derivative of u(s). Determine l(4).
13
Let r(o) = -o**3 - 4*o**2 - 1. Let j = -22 + 20. Let l(t) = -t - 4*t**2 + 4 - t**3 - 5 - t**2. Let m(y) = j*l(y) + 3*r(y). Calculate m(-3).
2
Let b = -1 - -3. Let a(h) = 4*h**2 - 9 - 3*h**2 - 2*h**b. Calculate a(0).
-9
Let n(q) = -q**2 - 4*q + 6. Suppose 2*k + 5 = -5. Let j be n(k). Let s(m) be the second derivative of m**4/2 - m**3/6 + m. What is s(j)?
5
Let w(t) be the first derivative of t**4/4 - t - 32. Suppose 0 = -0*k + 4*k - 8. Determine w(k).
7
Suppose 0*f - 36 = 6*f. Let y(t) be the first derivative of t**3/3 + 3*t**2 - t - 2. Calculate y(f).
-1
Let q(i) be the second derivative of i**5/20 - i**4/3 - i**3/2 - i**2 + i. Let s(g) = g + 16. Let w be s(0). Let o = w + -11. Give q(o).
8
Suppose 0*m + 4 = 4*m. Let j(c) = 7*c**3 + 2*c - 1. What is j(m)?
8
Suppose 0 = f + 5. Let o be 20/(-8)*48/(-15). Let b(c) = -6*c - 7 - 4*c + o*c. Calculate b(f).
3
Let y(z) = 16*z**2 - 34*z + 18. Let g(s) = -3*s**2 + 7*s - 4. Let o(h) = -11*g(h) - 2*y(h). What is o(8)?
0
Let v(o) = -o**3 + 13*o**2 + 5*o - 17. Let p be v(13). Let g be 4/(p/(-4))*-15. Let u(j) = -j + 2. Give u(g).
-3
Let u(z) = -6*z**3 - 2*z**2 + z. Let w(c) = c + 6. Let s be w(-5). Give u(s).
-7
Let y(q) = 4*q**3 - 6*q**2 - 3. Let v(l) = 5*l**3 - 7*l**2 + l - 3. Let g(f) = -3*v(f) + 4*y(f). Give g(4).
1
Let y(q) = -q**3 + 12*q**2 - 12*q + 17. Let x be y(11). Let r(j) = -j**3 + 7*j**2 - 7*j + 4. Calculate r(x).
-2
Let s = 5 - 0. Let g(m) = 9*m**3 - m**2 - 17*m - 2. Let t(u) = 4*u**3 - u**2 - 8*u - 1. Let d(r) = 3*g(r) - 7*t(r). What is d(s)?
1
Let q(l) = 5*l - 70. Let v be q(16). Let o(r) = -r**2 + 10*r - 12. Give o(v).
-12
Let n be 80/24*9/6. Let r(l) = l - 5. What is r(n)?
0
Suppose 25*i - 20*i = 0. Let r(v) = -4*v + 9 - 2*v + 5*v + i*v. What is r(4)?
5
Let k(o) = -o. Let q(a) be the first derivative of -a - 1. Let r = 2 + -3. Let y(l) = r*q(l) - 6*k(l). Determine y(-1).
-5
Let l(d) = -2*d - 4. Let p(k) = k + 4. Let h(c) = 2*l(c) + 3*p(c). Give h(-9).
13
Let c = 13 - 19. Let p(w) = -w**2 + 5*w. Let n(o) = 5*o**2 - 19*o. Let t(y) = 2*n(y) + 9*p(y). Give t(c).
-6
Let b(k) = k**3 + 5*k**2 + 4*k + 4. Let d = 17 - 5. Let z be 48/(-14) - d/21. Calculate b(z).
4
Suppose 6 = -7*b - 15. Let k(f) = -f**3 + 6*f**2 + 3*f. Let h(y) = -3*y**3 + 13*y**2 + 5*y - 1. Let u(p) = -2*h(p) + 5*k(p). Give u(b).
-4
Let c(z) = z + 2. Let u(i) = -i**3 - 6*i**2 + 6*i - 1. Let b be u(-7). Give c(b).
8
Let g(a) = -a**3 + 3*a**2 + 11*a - 6. Let h(y) = y. Let v(d) = g(d) - 4*h(d). Let b(r) = r**3 - 4*r**2 - 8*r + 7. Let n(k) = -5*b(k) - 6*v(k). What is n(-2)?
5
Let b(x) = -37*x + 15. Let k(p) = 18*p - 7. Let n(y) = -6*b(y) - 13*k(y). Give n(1).
-11
Let x(l) = 3*l - 3*l - 8 - l + 7*l + l**2. What is x(-7)?
-1
Let h(d) be the second derivative of -4*d + 0*d**4 + 1/2*d**2 + 0 + 1/5*d**5 + 1/3*d**3. Determine h(-1).
-5
Suppose -2*h = m - 4*h - 16, 3*m = -4*h + 78. Suppose -m = -5*w - 7. Let t(d) = d - 9. Let v(x) = -2*x + 19. Let u(q) = 7*t(q) + 3*v(q). Determine u(w).
-3
Let i = -78 - -74. Let v(c) = 2*c**2 + 4*c - 3. Give v(i).
13
Let l(y) = -3*y - 5. Suppose -4*m - 1 = -v, 0 = m + 3*m. Let k be -8*(1 - v/4). Give l(k).
13
Let c = -49 + 48. Let x(f) = 4*f**2 + f + 1. Calculate x(c).
4
Let t(q) = q**2 - 2*q - 1. Let o(h) = h**3 - 10*h**2 + 9*h + 8. Let f be o(9). Suppose 2*i - 5*a = -6*a + 10, 4*i - 8 = 4*a. Suppose -i*s + f = -0*s. Give t(s).
-1
Let x(k) be the third derivative of 0*k + 2/3*k**3 - 3*k**2 - 1/24*k**4 + 0. What is x(5)?
-1
Let d = -10 - -4. Let m(q) = -q**3 + 4*q**2 + 2*q - 1. Let i(b) = b**3 - b**2. Let s(v) = d*i(v) - m(v). Give s(1).
-4
Let m(u) = -u + 3*u - u**3